w(4). Let p be -2 + 5/(0 + c). Let q(f) = -f**2 - 6*f + 9. What is the units digit of q(p)?
2
Let k(v) = -v**2 - 23*v - 11. What is the tens digit of k(-21)?
3
Let d(o) = o**3 + 12*o**2 - 14*o. What is the tens digit of d(-13)?
1
Let z(n) = 14*n. Let q be z(1). Let p be 80/q - 2/(-7). What is the tens digit of 4/p - 28/(-3)?
1
Suppose 2*i + 2*i - 5*m - 10 = 0, i + 3*m - 11 = 0. Suppose 0*z - z + 11 = 4*x, -175 = -i*z + 4*x. What is the tens digit of z?
3
Let x(d) = 3*d**2 + 2*d + 10. What is the tens digit of x(-3)?
3
Suppose -4*b - 2*d + 0 + 26 = 0, -2 = -2*d. What is the units digit of b?
6
Let a(y) = -1 + 6*y - 4*y - 2. Let b(v) = -4*v + 6. Let u(z) = -7*a(z) - 4*b(z). What is the units digit of u(6)?
9
Let v = 3 + -5. What is the units digit of 7 + v + (-6)/(-3)?
7
Suppose 0 = -4*s - 15 + 7. Let j be ((-12)/(-10))/(6/(-40)). What is the units digit of -2 + 1 - s - j?
9
Let v = 0 + 4. Suppose 0 = -4*j + v*p + 36, 19 = 4*j - 3*p - 18. What is the units digit of j?
0
Let o(u) = -u**2 + 2*u + 1. Let j be o(2). What is the units digit of j/(2 - 3)*-4?
4
Suppose -50 = -5*k + 450. What is the hundreds digit of k?
1
Let r(u) = -2*u - 1 + 2*u - u**3 - 11*u**2 - 11*u. Suppose 3*q + 42 = -3*c + 6, c = 5*q. What is the units digit of r(c)?
9
Let w(r) = r - 2. What is the units digit of w(4)?
2
Let u = -14 - -23. What is the units digit of u?
9
Let u = 1 + -1. What is the units digit of -2 + (u - (-5 + -1))?
4
Let x(b) = -b + 1. Let a(d) = -d**2 - 15*d + 18. Let s(z) = a(z) - 6*x(z). What is the tens digit of s(-9)?
1
Let d be 742/10 + 1/(-5). Suppose 0*a - d = -2*a. What is the tens digit of a?
3
Suppose -z + 2 = 2*p - 8, -26 = -4*p - 5*z. What is the units digit of (-28)/(-6)*6/p?
7
What is the tens digit of (0 + 54/(-15))/((-9)/60)?
2
Let m be 8/((24/3)/4). Suppose -p - 18 = -m*p. What is the units digit of p?
6
What is the units digit of 1*3/1 + 33?
6
Let s be (-1 + 21/12)*4. Let z = -2 + s. Let w = z + 0. What is the units digit of w?
1
Let v = -99 - -331. What is the hundreds digit of v?
2
Let x = 1 - -8. Suppose 2*i - 3*q - x = 0, 4*q = -5*i + 33 + 1. What is the units digit of i?
6
Suppose -3*a = 5*h + 2*a - 250, -h + a = -40. What is the tens digit of h?
4
Suppose -5*h = -h + u + 21, 4*u = -2*h - 28. What is the units digit of (-15 + 0)*h/10?
6
Let c(m) = -2*m**2 - m + 2. Let i be c(1). Let z = i + 4. What is the units digit of z?
3
Let f = 147 + 73. What is the units digit of f?
0
Suppose -2*p + 3*o = 3, -1 = 2*p + 4*o + 23. Let k be 5/((-20)/p)*2. Suppose -v = -k*s + v + 19, 0 = -v - 2. What is the units digit of s?
5
Suppose 0 = -0*w - 2*w + 4. Suppose -4*i + 11 = -t + w*t, -2*t = -3*i. What is the units digit of t?
3
Suppose k = x + 7, -x - 2 = -k + 5*k. Let g = 0 - x. What is the units digit of g?
6
Suppose -6*r + 5*r + 4 = 0. Let x(d) = d**3 + 4*d + 1 + 0*d**3 + d - 5*d**2. What is the units digit of x(r)?
5
Let t(f) = f**2 - 9*f + 11. Let w be t(8). Let z = w - 3. Suppose 2*u - 4*c - 10 = z, 6*c - 3*c - 25 = -5*u. What is the units digit of u?
5
Suppose -c - c = -6. Suppose -8*s + c*s = -30. Suppose 2 = -o + s. What is the units digit of o?
4
Suppose -10 = i + 3. Suppose -6 = -4*k - 102. Let d = i - k. What is the tens digit of d?
1
Suppose 4*z + 0 = 296. Let r be (-4)/(-10) - z/10. Let c(y) = y**3 + 6*y**2 - 7*y + 5. What is the units digit of c(r)?
5
Let i be (10/4)/(-5)*-2. Suppose i = -2*z + 73. What is the units digit of z?
6
Suppose 1 = -g + 2*g. Let j be 0 - (-2 + 13) - g. What is the units digit of (21/j)/((-2)/16)?
4
Let d be 10 - 0*(-3)/(-6). Let w(z) = 3*z - 13. What is the tens digit of w(d)?
1
Let b(c) = -2*c - 4. Let j be b(-3). Let d be j/(-6) - 7/(-3). Suppose -d*i - 3 = -5*h + 2, -3*i + 21 = 2*h. What is the units digit of i?
5
Suppose -3 - 6 = -3*y. Suppose -s + 60 = 4*s + 5*k, y*s - 3*k = 6. Let g = s - 5. What is the units digit of g?
2
Suppose -4*b = 2*i - 198, -b - 2*i - 3*i = -27. Let t be ((-4)/12)/(2/(-18)). Suppose b = m + t*m. What is the tens digit of m?
1
Let v = 3 + -4. Let z be (v - (-1 - -1))*-11. Let b = z - 5. What is the units digit of b?
6
Suppose -150 = -5*z + 5*d, -3*z = 3*d + 2*d - 50. What is the units digit of z?
5
Let y(w) = -4*w + 1. Let g(a) = -3*a + 2. Let z(x) = -3*g(x) + 2*y(x). What is the units digit of z(7)?
3
Let a(m) be the first derivative of -m**4/4 + 5*m**3/3 - 3*m**2/2 - 1. What is the units digit of a(3)?
9
Let f(s) = s**2 - 2*s - 3. Let v be f(3). Suppose -102 = -5*a + 2*p + 3, v = 4*a + 3*p - 84. Let j = a + -13. What is the units digit of j?
8
Suppose 3*a - a = 38. What is the tens digit of a?
1
Suppose p + 4 = 2*p. Let k(v) = -4*v - v**3 + p*v - 5 + 3*v**2 + 7*v. What is the units digit of k(4)?
7
Let o be -6*(-1 + 8/6). What is the tens digit of ((-108)/(-15))/o*-5?
1
Let m be (-9 - -1)*(-6)/(-8). Let a = -3 - m. What is the units digit of a?
3
Suppose 4*j - 10*j = -360. What is the tens digit of j?
6
Suppose -5*y - 3*y + 552 = 0. What is the units digit of y?
9
Let g be (148/8 - -2)*2. Let i = g - 28. What is the units digit of i?
3
What is the units digit of (-26)/(-3) + 2/6?
9
Suppose -i - 11 = -f, -5*i + i - 56 = -5*f. Let x be (-4)/f + 14/6. Suppose -3*h = -x*h - 11. What is the tens digit of h?
1
Let h = 29 - 18. What is the units digit of h?
1
Let f(w) = -37*w + 11. What is the tens digit of f(-4)?
5
Let x = -2 - -4. Suppose -x*g = g + 15. What is the units digit of 1*(-5)/(g/8)?
8
Let v(k) = -k - 4. Let w be v(-8). Suppose -2*y + 7*y - 25 = 3*c, 5*c - 20 = -4*y. Suppose w*o + c*o - 24 = 0. What is the units digit of o?
6
What is the units digit of (-2)/(-15)*-21*-15?
2
Let k(a) = a**2 - 10*a + 13. Let z be k(9). Suppose -z*i = -2*u - 46, -4*u + 3*u = -5*i + 50. What is the units digit of i?
9
Let d(t) = -26*t + 38. What is the units digit of d(-7)?
0
Let v = -19 + 31. Suppose -v = 4*u - 5*u. What is the units digit of u?
2
Let w = -7 - 3. Let g = w + 14. What is the units digit of g?
4
Let o(l) = -5*l + 6. Let v be o(4). Let q = -49 - 19. What is the tens digit of 21/v*q/6?
1
Let o = 99 - 59. What is the tens digit of o?
4
Let d(z) = -z**2 + 3*z - 1. Let f be d(5). Let b = -6 - f. Let n(p) = p**2 - 3*p - 5. What is the units digit of n(b)?
5
Suppose 0*z = 3*z - 24. Suppose -y - z = -3*y. What is the units digit of (-1)/y + 18/8?
2
Let g = 35 - 61. Let p = -40 - g. What is the tens digit of (-136)/p - (-4)/14?
1
Suppose 5*t - 15 = -5*w - 0, -4*w = 2*t - 12. Suppose 5*r - 30 = -t*r. What is the units digit of -1 - -7 - (-8 + r)?
8
Suppose 5*d - b = 4*b + 65, -4*b + 44 = 4*d. Let r be d/(-9) - 1/(-3). What is the units digit of r/4 + (-105)/(-20)?
5
Let k(g) = -12*g**2 - 5*g + 7. Let b(s) = 13*s**2 + 6*s - 8. Let r(m) = -6*b(m) - 7*k(m). What is the units digit of r(-1)?
6
Let x(v) = -v**3 + 10*v**2. Let g be x(10). Suppose g*q = -5*w + q + 71, q = -w + 19. What is the tens digit of w?
1
Suppose -w + 2 = 4. Let t be (-3 - -3)/(-3 - w). What is the tens digit of 13 + t - (-3 - -5)?
1
What is the tens digit of (2/(-4))/((-190)/188 + 1)?
4
Let w be (3 - 24/3)/1. What is the units digit of w/20 - (-50)/8?
6
Let k be -1 + 2 + 2/(-1). Let d be ((-18)/(-4))/(k/(-2)). What is the units digit of -2 - d/3*-3?
7
Suppose 5*w + 4*a - 16 = 0, 0 = -2*w - 4*a - 0*a + 4. What is the units digit of w?
4
Suppose f + 0*f = 9. What is the units digit of -6*(1 + (-21)/f)?
8
Let x = 0 - 0. Let f = 11 - x. What is the units digit of f?
1
Let v(y) = 6*y**3 + 5*y**2 - 5*y + 9. What is the units digit of v(3)?
1
Let y = 109 + 71. What is the tens digit of y?
8
Let s(q) = -19*q**3 - 1. Let l be s(-1). Suppose -2*w + l + 20 = 0. What is the units digit of w?
9
Let f be -2 + (-9)/(-3) - 15. Suppose -3*j - 15 = 4*i + 79, 2*j = -4. Let t = f - i. What is the units digit of t?
8
Let y = 3 - -21. What is the units digit of (-2 + -1)/((-9)/y)?
8
Suppose 0 = 2*b - 3*b - 6. What is the units digit of b/(-10) + (-44)/(-10)?
5
Suppose -3*a + 4*a = 10. What is the units digit of a?
0
Let y = -11 + 13. What is the units digit of (1/2)/(y/168)?
2
Let i be (-49)/5 - 6/30. Let b = i + 12. What is the units digit of b?
2
Let t = 24 + -9. Suppose -b + 5 = 2*b + 2*r, 0 = b + 4*r - t. What is the tens digit of 2*b*33/(-6)?
1
Let z(i) = i - 17. Let h be z(15). Let c(y) = -4*y**3 - 2*y**2 - 2*y - 1. What is the ten